rivative of m**5/10 + m**4/24 - m**3/3 + m**2 + 6*m. What is b(2)?
24
Let j(f) be the first derivative of f**4/4 + 2*f**3/3 + 2*f + 339. Calculate j(-3).
-7
Let f(y) be the first derivative of -y**4 - y**2 + y + 242. Calculate f(-2).
37
Let l = 28 + -26. Let o be -1 - 2*(-3)/l. Let v(x) = 0*x + x**2 + 4*x**o - 3*x**2 - x. What is v(-1)?
3
Let g(i) = 3898*i - 3894*i + 4 - 5. Determine g(2).
7
Let s(f) = 3*f**2 + f. Let q(g) = -g**2 - 12*g - 24. Let w be q(-8). Let u be -1*-5*w/(-20). Give s(u).
10
Let c(f) = -2 + 11 - 2085*f + 2087*f. What is c(-6)?
-3
Let y(x) = 3*x + 5. Let v be (16/24)/(5/15) - 11. Determine y(v).
-22
Suppose 2*f + 5*y - 16 = 0, 3*y + 0*y - 14 = f. Let w be -7*(-6)/21 - (9 + f). Let s(a) = 2*a - 1. Give s(w).
-11
Let c(y) = 7*y + 45. Let i(v) = 22*v - 94. Let h be i(4). Calculate c(h).
3
Let t(v) be the third derivative of -1/60*v**5 + 4*v**2 + 0*v**4 + 0 + 0*v - 1/2*v**3. Calculate t(0).
-3
Let z(s) = s**3 - 7*s**2 + 9*s - 9. Let i = 67 - 48. Suppose 2*h - 19 = -3*c + h, -4*c + 5*h = -i. Let d be 0 + c - (-2 + 2). Determine z(d).
9
Let r = -29 + 25. Let w(o) = 2*o + 0*o + 41 - 21 - 21 + o**2. Calculate w(r).
7
Let x(h) = -h**3 + 5*h**2 - h + 2. Suppose -71*a + 82*a = 55. Calculate x(a).
-3
Let x(n) = 4*n + 3*n**2 + 1 - 2*n**2 - 2. Suppose -4*z + 5 = -9*z. Let v be (0 - 6)*1 - z. What is x(v)?
4
Let z(l) = l**2 + 4*l + 2. Suppose 2*c - 3*h - 57 = -3*c, -h + 1 = 0. Suppose -f + c = f. Suppose 2*k = 4*k + f. What is z(k)?
-1
Let u(o) = 2*o - 2. Let v = -61 - -65. Suppose -5 = -a, 0*x + a + v = -3*x. Give u(x).
-8
Let n(v) = v**3 - 5*v**2 + 24*v + 8. Let q(b) = b**3 - b**2 + 4*b + 1. Let f(h) = n(h) - 5*q(h). What is f(-2)?
27
Let c(d) = d**2 + 15*d - 40. Let k be c(-17). Let s be (k + 2)/((0 - -5) + -4). Let h(m) = m**3 + 3*m**2 - 6*m - 6. What is h(s)?
2
Suppose -2*s = 12 + 6. Let u be (4/s)/((-14)/63). Let j(r) = 2*r**3 - 2*r**2 - 1. Give j(u).
7
Let s = -967 + 973. Let z(r) = -r**3 + 6*r**2 - 8. Give z(s).
-8
Let r(q) = -4*q**2 + 6*q - 7. Let n(g) = 11*g**2 - 17*g + 20. Let c(u) = -6*n(u) - 17*r(u). Suppose -133*i + 134*i = 3. Calculate c(i).
17
Let l(x) = 2*x + 7. Let b be l(0). Let r(n) = 7*n**3 - 12*n**2 - 14*n + 13. Let j(g) = 13*g**3 - 23*g**2 - 27*g + 25. Let a(o) = -6*j(o) + 11*r(o). Give a(b).
0
Let h be ((-12)/(-2) - 3) + -3. Suppose 2*o + 4*o - 150 = h. Let k = o + -23. Let m(j) = -j**3 + 2*j**2 + 2. Give m(k).
2
Let g = 15 - -25. Suppose 2*j = j, -3*j - g = -5*w. Let v(r) = 2*r. What is v(w)?
16
Suppose 3*k = -8 - 10. Let o(p) = p. Let y(g) be the third derivative of -g**4/24 - 3*g**2. Let w(c) = k*y(c) - 5*o(c). Determine w(3).
3
Suppose -80 = -14*s - 24. Let h(j) = -j**3 - j**2 - j. Let b(v) = 3*v**3 + 2*v**2 + 2*v. Let g(r) = -4*b(r) - 11*h(r). Give g(s).
-4
Let r = 125 - 121. Let u(b) = 0 + 2 + 6*b - 4 - b**2 - 4. What is u(r)?
2
Let k(j) = -5*j**2 - 5*j**2 - j**2 + 3*j**2 - 8 + 7*j**2. Let l(s) = -s + 4. Let a be l(0). Let z(x) = -x**3 + 5*x**2 - 3*x - 4. Let n be z(a). Calculate k(n).
-8
Let j(l) = 2 + 657*l + 10*l**2 + l**3 - 667*l + 8. Determine j(-11).
-1
Suppose -k + 4 = 4*v, -5*v + 4*k = 20 - 46. Let w(z) = -z**2 + z + 3. What is w(v)?
1
Let v(j) be the first derivative of j**2/2 - 3*j + 4. Let c = 29 + -23. Calculate v(c).
3
Let r(k) = -10*k - 23. Let v(c) = 6*c + 15. Let p(a) = 5*r(a) + 8*v(a). Give p(-9).
23
Let p(c) be the first derivative of 3*c**2/2 + 4*c + 2. Let a be p(0). Let z(h) = -2*h - 1. Determine z(a).
-9
Let w(m) = -m**2 - 6*m - 9. Let d(x) = -x**2 - 7*x - 8. Let t(q) = -6*d(q) + 5*w(q). Let k(i) = 338*i + 1003. Let o be k(-3). Calculate t(o).
-8
Let z = -1234 - -1240. Let p(u) = u**2 - 8*u + 8. Determine p(z).
-4
Let z be (14 - (-697)/(-51))/((-1)/(-15)). Let f(h) be the first derivative of -2*h**3/3 + 2*h**2 + 4*h + 2. What is f(z)?
-26
Let v(r) = -r**2 + 5*r - 13. Let q(h) = 5*h**2 - 20*h + 54. Let t(d) = 2*q(d) + 9*v(d). Determine t(-7).
5
Let p(f) = -19*f + 5. Let x(z) = 54*z - 14. Let h(o) = 17*p(o) + 6*x(o). Determine h(-4).
-3
Let b(w) = w**2 + w. Let n(s) = 3*s**2 + 4*s - 2. Let q(k) = 4*b(k) - n(k). Let i = 3 - 3. What is q(i)?
2
Let p(s) be the second derivative of -7*s**3/6 + 17*s**2 + 175*s - 2. What is p(5)?
-1
Let y = 4 - -45. Suppose -3*l + y = -10*l. Let d(b) = b**2 + 5*b - 6. Give d(l).
8
Let s be (5 - 6)/(3/(7 - 1)). Let t(u) = -2*u**2 + u. Determine t(s).
-10
Let l(s) = -23*s + 1. Let c(y) = -14*y + 1. Let q(g) = -5*c(g) + 3*l(g). Suppose 0 = -3*d - d. Determine q(d).
-2
Let x(i) = 5*i + 3. Let g(d) = -26*d - 16. Let u(m) = -2*g(m) - 11*x(m). Suppose 0*w - 15 = 2*w - 3*t, -t + 3 = 0. Calculate u(w).
8
Let g(i) = i + 27. Let n be g(-11). Suppose -12 = -n*m + 12*m. Let z(d) = -2*d + 2. Calculate z(m).
-4
Let m(x) be the third derivative of -x**5/60 - 5*x**4/12 + 19*x**3/6 + 3*x**2 - 22*x. Calculate m(-11).
8
Let a(g) be the first derivative of -g**4/24 - g**3/3 + 13*g**2 + 14. Let h(s) be the second derivative of a(s). Determine h(-10).
8
Suppose -5 = 4*t - 7*t + 2*p, 5*p = 5*t. Let v(r) = -21*r - 46. Let n(m) = 4*m + 9. Let c(x) = 11*n(x) + 2*v(x). What is c(t)?
17
Let c = 368 + -368. Let b(s) be the second derivative of 0 + c*s**2 + 2*s - 5/2*s**3. Determine b(1).
-15
Let k(h) = 3*h - 5. Let u be k(2). Let d(v) = -9*v**2 - 2 + 7*v - u + 8*v**2. Calculate d(6).
3
Let z(a) = a**2 - 4*a + 1. Suppose b + 26 = -4*y, 0 = b + 3*y + 3 + 18. Let r be 2/b*(-38 - -14). Suppose 4*d - 2*d = r. What is z(d)?
1
Suppose 3*r + z - 17 = -3*z, -4*z = 4. Let v(n) = n + 7. What is v(r)?
14
Suppose 9 = -r + 19. Let h(v) = -v**2 + 4 - 84*v**2 + 28*v**2 + r*v. Let q(u) = -19*u**2 + 3*u + 1. Let p(d) = -2*h(d) + 7*q(d). Give p(1).
-19
Let x(y) be the third derivative of y**5/60 + y**4/4 - y**3/2 + 77*y**2. Suppose -5 + 2 = 3*r + 4*p, 5*p - 10 = -r. Give x(r).
-8
Let t(h) = 2*h**2 + h + 3. Suppose -1630 + 1654 = -8*d. What is t(d)?
18
Let r(f) = -20*f**2 + 7 + 2 + 50*f**2 - 29*f**2. Suppose 8 = 3*h + 4*x - 2*x, 0 = -5*h - x + 4. Calculate r(h).
9
Let z(u) = u**2 + 2. Let g(d) = -d**2 - 3*d + 6. Let c be g(-5). Let h be (c - 0) + 2 + 5. Suppose 4*w + 14 = -h*r + 2, 0 = 3*r + 12. Calculate z(w).
2
Let v(z) = -z**3 - 2*z - 7. Let s(g) = g**2 - 1. Let h(m) = 6*s(m) - v(m). What is h(-3)?
22
Suppose -3*h = 5*d - 32, 3*d = -3 - 3. Suppose -2*l - h = 5*y, -l + 3*y + 27 = 4*l. Let x(k) = -5*k**2 - k**l + 2*k - 3*k**3 + 3*k**3 + 4*k**2. Give x(2).
-8
Let b(n) = 6*n + 2 + 6 + 0 + 3 - n**2 - 13. Let x be 2/7 + 99/21. Calculate b(x).
3
Let x(o) = 5*o**2 + 12*o - 9. Let f(n) = -9*n**2 - 24*n + 17. Let a(m) = -6*f(m) - 11*x(m). Determine a(12).
-3
Let u be 2 + -3 - 3 - -7. Let t(i) = 3 - 2 - 9*i + 10*i + 7*i**2 - 2*i**3 + 3*i**u. Determine t(-7).
-6
Let i(p) = 3*p + 1. Suppose -5*f = h + 14, 2 = -3*f - 4*h - 20. Give i(f).
-5
Let g(b) = -b**2 - 22*b + 6. Let h be g(-22). Let x(a) be the third derivative of -1/12*a**4 - 1/6*a**3 + 0*a + 0 + h*a**2. Give x(2).
-5
Let h(k) = -20*k - 9. Let y(z) = z**2 + 21*z + 7. Let n(b) = -2*h(b) - 3*y(b). Calculate n(-8).
-11
Let c(z) = -z**2 - 3*z + 3. Let s be (6/10)/(1/(-5)). Let d be s - (-2 - (4 - 6)). What is c(d)?
3
Let q(v) = -v + 12. Let h = 53 + -41. Give q(h).
0
Suppose 4*b - 4*r - 16 = 0, 29 - 9 = b - 5*r. Let t(d) be the third derivative of d**5/60 + 7*d**3/6 + d**2. What is t(b)?
7
Let x be (-18)/12*136/(-12). Suppose 4*v - 4*w + 16 = 0, 3*v + x = -0*v - 2*w. Let a(j) = -j**3 - 4*j**2 + 6*j + 4. Determine a(v).
-1
Suppose -10*u - 105 = 11*u. Let a(f) = -f**3 - 6*f**2 - 2. Give a(u).
-27
Let l(v) = -v**3 - 7*v**2 - 4*v + 6. Let d(o) = -o**2 + o. Let q = -1 + 2. Let u(j) = q*l(j) - d(j). Calculate u(-5).
6
Let u be 10/4*(-50)/(-25). Let c(z) = -2 + 2*z - 4*z + 3 + 8*z. Calculate c(u).
31
Let l(i) = -2*i + 1. Let z(n) = 8*n - 3. Let v(t) = 14*l(t) + 4*z(t). What is v(2)?
10
Let r(j) = -11*j + 10. Let f(n) = 13*n - 9. Let t(w) = 6*f(w) + 5*r(w). Determine t(3).
65
Let l(a) = 3*a + 11. Let j = 34 + -8. Let y = j + -29. Let v be l(y). Let k(c) = -c**3 + 2*c**2 - 4*c + 3. Give k(v).
-5
Let x(z) be the second derivative of -z**4/12 + 3*z**2 + z - 17. Let w(n) = -n + 2. Suppose -10 = -k - 4*t, -3*k + 2*t - 1 = -3. Let c be w(k). Calculate x(c).
6
Let x(b) = b**2 + 8*b + 21. Let r be x(-5). Let p(t) = -r*t - 3*t - t**3 + 7*t + 3*t**2. Calculate p(2).
0
Let q(l) = 